isor of 475 and 200?
25
Calculate the greatest common factor of 40 and 1960.
40
What is the greatest common factor of 111 and 296?
37
Calculate the greatest common divisor of 10816 and 64.
64
Calculate the greatest common divisor of 11 and 11.
11
Calculate the greatest common factor of 1760 and 11.
11
Calculate the highest common divisor of 1036 and 14.
14
What is the highest common divisor of 1206 and 9?
9
What is the highest common factor of 1403 and 61?
61
What is the highest common factor of 14 and 2198?
14
Calculate the highest common factor of 10 and 1884.
2
What is the highest common divisor of 99 and 253?
11
What is the highest common factor of 23 and 4439?
23
What is the greatest common divisor of 63 and 99?
9
Calculate the greatest common factor of 33 and 110.
11
What is the greatest common divisor of 451 and 22?
11
Calculate the greatest common factor of 66 and 18.
6
Calculate the highest common divisor of 3740 and 85.
85
Calculate the highest common factor of 11520 and 180.
180
What is the highest common factor of 9 and 3231?
9
Calculate the highest common factor of 14 and 994.
14
Calculate the greatest common factor of 441 and 756.
63
What is the highest common divisor of 597 and 6?
3
Calculate the highest common divisor of 480 and 20.
20
Calculate the highest common divisor of 1034 and 110.
22
What is the greatest common divisor of 775 and 2480?
155
What is the greatest common divisor of 88 and 1826?
22
What is the highest common factor of 101 and 101?
101
Calculate the highest common divisor of 245 and 49.
49
Calculate the greatest common divisor of 39 and 28275.
39
Calculate the highest common divisor of 3 and 111.
3
What is the highest common divisor of 1978 and 4?
2
Calculate the highest common divisor of 25 and 160.
5
Calculate the greatest common divisor of 405 and 891.
81
Calculate the highest common divisor of 42 and 3178.
14
Calculate the highest common factor of 14 and 728.
14
What is the greatest common factor of 268 and 603?
67
Calculate the greatest common divisor of 72 and 155304.
72
Calculate the highest common divisor of 276 and 23.
23
Calculate the highest common divisor of 30 and 150.
30
What is the greatest common divisor of 21 and 12?
3
What is the highest common factor of 35 and 119?
7
What is the highest common factor of 1938 and 340?
34
What is the greatest common divisor of 166 and 3071?
83
What is the highest common divisor of 78188 and 44?
44
What is the greatest common factor of 2600 and 16?
8
What is the highest common divisor of 58 and 12557?
29
Calculate the greatest common divisor of 6913 and 62.
31
Calculate the greatest common divisor of 33 and 385.
11
What is the highest common divisor of 130 and 598?
26
Calculate the highest common factor of 4917 and 33.
33
What is the highest common factor of 14 and 35?
7
Calculate the highest common divisor of 5168 and 476.
68
What is the greatest common factor of 129 and 87?
3
Calculate the greatest common divisor of 7813 and 13.
13
Calculate the greatest common factor of 475 and 175.
25
What is the highest common factor of 108 and 1242?
54
Calculate the highest common factor of 11 and 385.
11
Calculate the greatest common factor of 798 and 42.
42
What is the greatest common factor of 109 and 1?
1
Calculate the greatest common divisor of 366 and 12.
6
Calculate the highest common divisor of 385 and 231.
77
Calculate the highest common factor of 14 and 10.
2
What is the highest common factor of 32 and 36?
4
Calculate the highest common divisor of 19 and 817.
19
Calculate the greatest common divisor of 3680 and 800.
160
What is the greatest common factor of 259 and 222?
37
Calculate the highest common divisor of 14 and 329.
7
Calculate the greatest common divisor of 4307 and 73.
73
Calculate the greatest common factor of 10 and 830.
10
Calculate the greatest common divisor of 1456 and 336.
112
What is the highest common divisor of 6784 and 176?
16
Calculate the greatest common factor of 351 and 195.
39
Calculate the highest common divisor of 3382 and 712.
178
Calculate the highest common factor of 198 and 4257.
99
What is the greatest common divisor of 2001 and 276?
69
What is the greatest common divisor of 7979 and 101?
101
Calculate the highest common divisor of 548 and 16.
4
Calculate the highest common divisor of 29 and 725.
29
Calculate the highest common factor of 252 and 180.
36
Calculate the highest common divisor of 1600 and 50.
50
What is the highest common factor of 740 and 10?
10
Calculate the greatest common divisor of 75 and 1325.
25
What is the greatest common divisor of 13 and 1?
1
Calculate the highest common divisor of 22 and 1507.
11
Calculate the greatest common divisor of 183 and 3.
3
What is the greatest common factor of 255 and 204?
51
Calculate the greatest common factor of 767 and 59.
59
Calculate the highest common factor of 268 and 10117.
67
Calculate the greatest common divisor of 490 and 6.
2
Calculate the greatest common factor of 13 and 11843.
13
Calculate the highest common factor of 790 and 3239.
79
What is the highest common factor of 828 and 333?
9
Calculate the greatest common factor of 2979 and 27.
9
What is the greatest common factor of 99 and 55?
11
What is the highest common factor of 84 and 1113?
21
Calculate the highest common divisor of 48 and 564.
12
What is the highest common factor of 89 and 267?
89
Calculate the highest common factor of 5179 and 1.
1
What is the greatest common divisor of 63 and 1449?
63
Calculate the greatest common factor of 1371 and 6.
3
What is the highest common factor of 6252 and 12?
12
Calculate the greatest common factor of 80 and 78520.
40
Calculate the highest common factor of 969 and 114.
57
Calculate the highest common factor of 2015 and 465.
155
Calculate the highest common factor of 24 and 288.
24
Calculate the greatest common factor of 768 and 1176.
24
What is the highest common factor of 104 and 390?
26
What is the greatest common factor of 25 and 11?
1
What is the highest common factor of 9 and 1143?
9
Calculate the highest common factor of 612 and 1360.
68
Calculate the highest common factor of 426 and 78.
6
What is the greatest common divisor of 360 and 8?
8
What is the greatest common factor of 29568 and 22?
22
Calculate the highest common factor of 99 and 1287.
99
Calculate the highest common factor of 99 and 1639.
11
Calculate the highest common factor of 65 and 77545.
65
What is the highest common factor of 168 and 30072?
168
What is the greatest common divisor of 1358 and 14?
14
Calculate the highest common divisor of 490 and 20.
10
What is the greatest common factor of 51 and 21?
3
What is the greatest common divisor of 238 and 918?
34
What is the highest common factor of 8 and 3632?
8
Calculate the highest common divisor of 42 and 518.
14
What is the greatest common divisor of 5742 and 54?
18
Calculate the highest common factor of 200 and 2300.
100
Calculate the highest common factor of 11112 and 72.
24
What is the greatest common divisor of 174 and 70?
2
What is the highest common divisor of 1088 and 34?
34
What is the greatest common factor of 279 and 124?
31
Calculate the greatest common divisor of 620 and 31.
31
Calculate the highest common factor of 288 and 5256.
72
Calculate the greatest common factor of 342 and 12.
6
Calculate the highest common divisor of 897 and 69.
69
Calculate the highest common divisor of 188 and 8319.
47
Calculate the greatest common divisor of 335 and 9715.
335
Calculate the highest common factor of 25 and 395.
5
What is the greatest common divisor of 1672 and 1045?
209
Calculate the highest common divisor of 2 and 2479.
1
What is the highest common factor of 5 and 545?
5
Calculate the greatest common divisor of 20654 and 92.
46
What is the highest common divisor of 7168 and 14?
14
Calculate the highest common divisor of 3240 and 960.
120
Calculate the greatest common factor of 78 and 585.
39
What is the highest common divisor of 1554 and 42?
42
Calculate the greatest common factor of 806 and 494.
26
What is the highest common factor of 56853 and 9?
9
What is the highest common divisor of 11 and 341?
11
What is the greatest common factor of 2379 and 78?
39
Calculate the highest common factor of 1980 and 840.
60
Calculate the greatest com